t is -2 + -152?
-154
In base 5, what is -43 + 0?
-43
In base 8, what is 12 + -13?
-1
In base 9, what is -2 + 10?
7
In base 9, what is 11 + -687?
-676
In base 10, what is 16 - 97?
-81
In base 4, what is -30300 - -13?
-30221
In base 4, what is -3133 - -2?
-3131
In base 7, what is 61 - -51?
142
In base 4, what is -12022300 + 1?
-12022233
In base 13, what is -4a8 + 4?
-4a4
In base 6, what is -2 - -1410?
1404
In base 6, what is 3 + -23203?
-23200
In base 9, what is 70 + 20?
100
In base 9, what is -5 + -163?
-168
In base 6, what is 135 + -454?
-315
In base 14, what is 5 + 657?
65c
In base 14, what is 1 + 22?
23
In base 4, what is 2 - 300?
-232
In base 14, what is -d9 - -5?
-d4
In base 5, what is 213 - -31?
244
In base 11, what is 1 + 1118?
1119
In base 6, what is -4 + 1543?
1535
In base 10, what is 374 - -4?
378
In base 4, what is 12 - -13?
31
In base 9, what is -4 - -112?
107
In base 2, what is 1000001 - 1?
1000000
In base 6, what is 1542 + 2?
1544
In base 14, what is -92 - -8?
-88
In base 15, what is 4c - 14?
38
In base 7, what is 52 - 26?
23
In base 5, what is 2222130 + 0?
2222130
In base 11, what is 5 - -7a?
84
In base 2, what is -1100 + 100001000?
11111100
In base 6, what is 323 + -3?
320
In base 6, what is -112 - 1354?
-1510
In base 10, what is 2 + 85?
87
In base 4, what is 2 - 20?
-12
In base 16, what is -1 - 20?
-21
In base 6, what is 40 - -43?
123
In base 5, what is 4 - -400?
404
In base 15, what is -877 + -8?
-880
In base 8, what is 24 - 1314?
-1270
In base 16, what is 512 + -d?
505
In base 7, what is 230 + 1?
231
In base 6, what is 1 + 123?
124
In base 4, what is -10230300 - -1?
-10230233
In base 14, what is 1523 + -3?
1520
In base 15, what is -1 + -2b?
-2c
In base 16, what is 5 - 2d?
-28
In base 8, what is -3331 + 0?
-3331
In base 16, what is -1 + -21c?
-21d
In base 9, what is 171 - 74?
86
In base 9, what is 4 + -744?
-740
In base 10, what is -212 - 9?
-221
In base 11, what is -7 + 11?
5
In base 14, what is -12 + -2a?
-3c
In base 3, what is -201 + 11?
-120
In base 13, what is -2 - 42?
-44
In base 9, what is -2 - -11?
8
In base 11, what is -55 + -10?
-65
In base 14, what is 3c6 + 1?
3c7
In base 6, what is 3 + -13550?
-13543
In base 14, what is 1a - -156?
172
In base 16, what is -f - -8?
-7
In base 9, what is 46 - -5?
52
In base 11, what is -3 - -36?
33
In base 10, what is -529 - 5?
-534
In base 16, what is 16c6 - -1?
16c7
In base 9, what is -63 + -44?
-117
In base 13, what is -cb - 2?
-100
In base 6, what is 2 - 32?
-30
In base 5, what is 2 + -2212?
-2210
In base 13, what is 2 - -35?
37
In base 14, what is -58 + -4?
-5c
In base 7, what is 16 + 131?
150
In base 11, what is -2 - 4747?
-4749
In base 13, what is -b - -14a?
13c
In base 11, what is 2 - -285?
287
In base 14, what is -136 - 70?
-1a6
In base 9, what is 7 + 44?
52
In base 10, what is 36 - 145?
-109
In base 16, what is 5 - -43?
48
In base 16, what is -2d + 11?
-1c
In base 9, what is -10 - 13?
-23
In base 6, what is 0 - -4511?
4511
In base 2, what is -1 + 1111001?
1111000
In base 14, what is 0 - 6b3?
-6b3
In base 11, what is 27 - -24?
50
In base 9, what is 4 - 466?
-462
In base 13, what is -132 - 4?
-136
In base 7, what is -3 + -2?
-5
In base 8, what is 5 - -56?
63
In base 8, what is -4 + 114?
110
In base 9, what is 1344 + 2?
1346
In base 12, what is 232 + -38?
1b6
In base 5, what is -10 + 22432?
22422
In base 16, what is fbd + 1?
fbe
In base 6, what is -20525 + 1?
-20524
In base 11, what is 88 + 2?
8a
In base 16, what is 18 - -2?
1a
In base 15, what is 1c + -7?
15
In base 12, what is -1bb - 2?
-201
In base 5, what is 14 - -12?
31
In base 9, what is 4 + 33?
37
In base 15, what is d7e - -8?
d87
In base 4, what is -3202 + 0?
-3202
In base 10, what is -2 + 790?
788
In base 13, what is -2855 - 2?
-2857
In base 10, what is -466 + 4?
-462
In base 16, what is 5 - -20e?
213
In base 9, what is -2 + 687?
685
In base 4, what is 30 - 323?
-233
In base 12, what is -6 + -66?
-70
In base 15, what is d7 - 5?
d2
In base 6, what is 4 - 11102?
-11054
In base 10, what is -724 - -4?
-720
In base 13, what is -22 + -31?
-53
In base 10, what is 2 + 26?
28
In base 2, what is 11 + -1111110101?
-1111110010
In base 12, what is 71 - 2?
6b
In base 3, what is -11 - 210011?
-210022
In base 8, what is -3566 - -4?
-3562
In base 7, what is -315 + 123?
-162
In base 16, what is 2 - -22?
24
In base 16, what is -2a + 3?
-27
In base 2, what is 11 + -10100011100?
-10100011001
In base 12, what is 4 + -5b9?
-5b5
In base 14, what is 109 - -13?
11c
In base 8, what is -75 + 4?
-71
In base 16, what is -9 + 21?
18
In base 14, what is -43b + -5?
-442
In base 13, what is -5 + -19b3?
-19b8
In base 14, what is 1b0 - -19?
1c9
In base 4, what is -2231 + 130?
-2101
In base 13, what is -3 - 1aa?
-1b0
In base 9, what is -52 + -45?
-107
In base 16, what is -3 - a7f?
-a82
In base 15, what is 6 - -2db?
2e2
In base 13, what is 1a - -2?
1c
In base 14, what is 2 + 17d?
181
In base 6, what is 2 + 2205?
2211
In base 9, what is 308 + -2?
306
In base 4, what is 20313 - 223?
20030
In base 16, what is -10 + 3?
-d
In base 2, what is 10 + 101011011?
101011101
In base 4, what is 0 + -11200?
-11200
In base 7, what is -53 + 164?
111
In base 4, what is -2 + 10121?
10113
In base 4, what is -21 + 110?
23
In base 6, what is -1044 + 0?
-1044
In base 10, what is -4 + 308?
304
In base 2, what is 1000010011 - -11?
1000010110
In base 13, what is -3 + -51?
-54
In base 14, what is 10 - 24?
-14
In base 9, what is 582 - 2?
580
In base 9, what is 0 + 4238?
4238
In base 14, what is -c6 - 1?
-c7
In base 2, what is 10011001 - 101?
10010100
In base 12, what is -83 - 0?
-83
In base 2, what is -10000101 + -101?
-10001010
In base 13, what is -52 + -3b?
-90
In base 2, what is -110011000 + -10?
-110011010
In base 16, what is -56 + 14?
-42
In base 14, what is 59 - 5c?
-3
In base 2, what is -100010010 - -10?
-100010000
In base 4, what is -2 - -112?
110
In base 13, what is 1 - -111?
112
In base 8, what is -166 - 31?
-217
In base 6, what is 2551 - 15?
2532
In base 15, what is -1 - 46?
-47
In base 4, what is 32 + -1113?
-1021
In base 14, what is -a22 + 0?
-a22
In base 6, what is 5 - -30250?
30255
In base 9, what is -73 + -4?
-77
In base 2, what is 110111010011 - 100?
110111001111
In base 15, what is 4 + 5d?
62
In base 15, what is -4 + -ea3?
-ea7
In base 11, what is 142 + -4?
139
In base 13, what is 0 - 23?
-23
In base 8, what is -21 + 3?
-16
In base 8, what is 16 + -26?
-10
In base 15, what is -5 + -5?
-a
In base 3, what is 11 + -12?
-1
In base 7, what is -245 + 5?
-240
In base 13, what is -13 - -2?
-11
In base 5, what is -1 - -21144?
21143
In base 4, what is -11 + -312013?
-312030
In base 6, what is 5 - -43?
52
In base 14, what is -123 - 4?
-127
In base 10, what is 3 - 109?
-106
In base 11, what is -65 + 73?
9
In base 12, what is 52 + 0?
52
In base 10, what is 24 - 119?
-95
In base 6, what is -53 - -1314?
1221
In base 12, what is 1286 + 0?
1286
In base 3, what is 2022 - 110?
1212
In base 15, what is 5 + -29e?
-299
In base 13, what is -4 + 34?
30
In base 16, what is 3 + -2a?
-27
In base 9, what is 3 + -6?
-3
In base 14, what is 25 - -3b?
62
In base 12, what is 1bb - 2?
1b9
In base 15, what is -2 + -42?
-44
In base 6, what is -5 + -245?
-254
In base 3, what is -120 - -1222?
1102
In base 4, what is -10 - -233101?
233031
In base 9, what is 1 - 68?
-67
In base 13, what is ba - -b?
c8
In base 3, what is -1022001 - 2?
-1022010
In base 9, what is -22713 + -4?
-22717
In base 10, what is 878 + -5?
873
In base 14, what is -4a + 4?
-46
In base 13, what is 8 - 17?
-c
In base 11, what is -2 - 1a9?
-200
In base 15, what is 1d1 - -12?
1e3
In base 9, what is 28 - -14?
43
In base 8, what is 0 - -57?
57
In base 14, what is -502 + 2?
-500
In base 15, what is -4 - 4d9?
-4dd
In base 11, what is -12 + 1194?
1182
In base 10, what is 174 - -2?
176
In base 10, what is -164 + 2?
-162
In base 4, what is -1 + -11?
-12
In base 7, what is -32 - -140?
105
In base 10, what is 1381 - 4?
1377
In base 8, what is -375 - -30?
-345
In base 4, what is -1230 - -11?
-1213
In base 13, what is 4 + -2498?
-2494
In base 7, what is 26 + -334?
-305
In base 10, what is 11 + -69?
-58
In base 16, what is -33 - -1?
-32
In base 13, what is 4 + 91?
95
In base 6, what is 10 - -143?
153
In base 11, what is 287 + -5?
282
In base 4, w